{"id":2760,"date":"2025-12-03T16:33:38","date_gmt":"2025-12-03T15:33:38","guid":{"rendered":"https:\/\/www.bobobysag.com\/?post_type=product&#038;p=2760"},"modified":"2025-12-24T15:06:16","modified_gmt":"2025-12-24T14:06:16","slug":"sirine","status":"publish","type":"product","link":"https:\/\/www.bobobysag.com\/?product=sirine","title":{"rendered":"SIRINE"},"content":{"rendered":"<p class=\"p1\">La chemise Sirine r\u00e9invente le coton avec une touche moderne et sensuelle. Sa coupe \u00e9pur\u00e9e est dynamis\u00e9e par un dos ouvert,<\/p>\n<p class=\"p1\">que l\u2019 on attache d\u00e9licatement gr\u00e2ce \u00e0 un lien travaill\u00e9. Le jaune poussin, lumineux et doux, apporte un \u00e9clat naturel \u00e0 la silhouette.<\/p>\n<p class=\"p1\">Une pi\u00e8ce pens\u00e9e pour une allure fra\u00eeche, affirm\u00e9e et minimaliste un essentiel fort de la ligne Bobo by Sag.<\/p>\n<p class=\"p1\">D\u00e9tails :<\/p>\n<p class=\"p1\">Coton jaune poussin, l\u00e9ger et respirant<\/p>\n<p class=\"p1\">Dos ouvert, attache par un n\u0153ud ou lien structur\u00e9<\/p>\n<p class=\"p1\">Coupe droite \u00e0 l\u2019<\/p>\n<p class=\"p1\">avant, plus artistique \u00e0 l\u2019<\/p>\n<p class=\"p1\">arri\u00e8re<\/p>\n<p class=\"p1\">Manches classiques<\/p>\n<p class=\"p1\">Encolure propre, minimaliste<\/p>\n<p class=\"p1\">Finitions nettes et premium<\/p>\n<p class=\"p1\">Pi\u00e8ce id\u00e9ale pour un look chic et moderne<\/p>\n","protected":false},"excerpt":{"rendered":"<p>La chemise Sirine r\u00e9invente le coton avec une touche moderne et sensuelle. Sa coupe \u00e9pur\u00e9e est dynamis\u00e9e par&hellip;<\/p>\n","protected":false},"featured_media":2423,"comment_status":"open","ping_status":"closed","template":"","meta":[],"product_brand":[],"product_cat":[165],"product_tag":[],"class_list":{"0":"post-2760","1":"product","2":"type-product","3":"status-publish","4":"has-post-thumbnail","6":"product_cat-chemises","8":"first","9":"instock","10":"shipping-taxable","11":"purchasable","12":"product-type-simple"},"_links":{"self":[{"href":"https:\/\/www.bobobysag.com\/index.php?rest_route=\/wp\/v2\/product\/2760","targetHints":{"allow":["GET"]}}],"collection":[{"href":"https:\/\/www.bobobysag.com\/index.php?rest_route=\/wp\/v2\/product"}],"about":[{"href":"https:\/\/www.bobobysag.com\/index.php?rest_route=\/wp\/v2\/types\/product"}],"replies":[{"embeddable":true,"href":"https:\/\/www.bobobysag.com\/index.php?rest_route=%2Fwp%2Fv2%2Fcomments&post=2760"}],"version-history":[{"count":1,"href":"https:\/\/www.bobobysag.com\/index.php?rest_route=\/wp\/v2\/product\/2760\/revisions"}],"predecessor-version":[{"id":2761,"href":"https:\/\/www.bobobysag.com\/index.php?rest_route=\/wp\/v2\/product\/2760\/revisions\/2761"}],"wp:featuredmedia":[{"embeddable":true,"href":"https:\/\/www.bobobysag.com\/index.php?rest_route=\/wp\/v2\/media\/2423"}],"wp:attachment":[{"href":"https:\/\/www.bobobysag.com\/index.php?rest_route=%2Fwp%2Fv2%2Fmedia&parent=2760"}],"wp:term":[{"taxonomy":"product_brand","embeddable":true,"href":"https:\/\/www.bobobysag.com\/index.php?rest_route=%2Fwp%2Fv2%2Fproduct_brand&post=2760"},{"taxonomy":"product_cat","embeddable":true,"href":"https:\/\/www.bobobysag.com\/index.php?rest_route=%2Fwp%2Fv2%2Fproduct_cat&post=2760"},{"taxonomy":"product_tag","embeddable":true,"href":"https:\/\/www.bobobysag.com\/index.php?rest_route=%2Fwp%2Fv2%2Fproduct_tag&post=2760"}],"curies":[{"name":"wp","href":"https:\/\/api.w.org\/{rel}","templated":true}]}}